inder when 4281 is divided by 199?
102
What is the remainder when 32700 is divided by 573?
39
Calculate the remainder when 3612 is divided by 144.
12
What is the remainder when 8078 is divided by 80?
78
Calculate the remainder when 123982 is divided by 30993.
10
Calculate the remainder when 9501 is divided by 158.
21
What is the remainder when 221924 is divided by 44?
32
What is the remainder when 76301 is divided by 274?
129
What is the remainder when 20566 is divided by 242?
238
Calculate the remainder when 354 is divided by 17.
14
Calculate the remainder when 11834 is divided by 89.
86
What is the remainder when 16751 is divided by 12?
11
Calculate the remainder when 8521 is divided by 1905.
901
What is the remainder when 9987 is divided by 219?
132
Calculate the remainder when 13776 is divided by 4.
0
What is the remainder when 1131432 is divided by 261?
258
What is the remainder when 6410 is divided by 83?
19
Calculate the remainder when 33966 is divided by 33943.
23
Calculate the remainder when 20934 is divided by 43.
36
What is the remainder when 2705 is divided by 51?
2
Calculate the remainder when 34722 is divided by 457.
447
What is the remainder when 15492 is divided by 3074?
122
What is the remainder when 10282 is divided by 3414?
40
What is the remainder when 4966 is divided by 86?
64
What is the remainder when 3013718 is divided by 59?
57
What is the remainder when 10829 is divided by 50?
29
What is the remainder when 213216 is divided by 679?
10
Calculate the remainder when 130899 is divided by 10908.
3
Calculate the remainder when 11629 is divided by 580.
29
Calculate the remainder when 597536 is divided by 69.
65
What is the remainder when 140254 is divided by 46748?
10
What is the remainder when 48456 is divided by 411?
369
Calculate the remainder when 341479 is divided by 1626.
19
What is the remainder when 6196 is divided by 767?
60
Calculate the remainder when 10692987 is divided by 385.
382
Calculate the remainder when 1145255 is divided by 572618.
19
What is the remainder when 8814 is divided by 563?
369
Calculate the remainder when 987305 is divided by 74.
71
What is the remainder when 2743 is divided by 34?
23
Calculate the remainder when 37908 is divided by 90.
18
What is the remainder when 4125 is divided by 553?
254
Calculate the remainder when 9392892 is divided by 1845.
1842
Calculate the remainder when 78767 is divided by 1212.
1199
Calculate the remainder when 81800 is divided by 3714.
92
What is the remainder when 23027 is divided by 1142?
187
Calculate the remainder when 2389 is divided by 2382.
7
What is the remainder when 43405 is divided by 6182?
131
Calculate the remainder when 786 is divided by 500.
286
Calculate the remainder when 25612 is divided by 366.
358
Calculate the remainder when 67115 is divided by 35.
20
What is the remainder when 1496 is divided by 123?
20
Calculate the remainder when 3206 is divided by 1450.
306
Calculate the remainder when 372095 is divided by 1597.
1591
What is the remainder when 5142 is divided by 285?
12
Calculate the remainder when 17263 is divided by 40.
23
What is the remainder when 1285 is divided by 388?
121
Calculate the remainder when 304318 is divided by 59.
55
What is the remainder when 9096 is divided by 87?
48
What is the remainder when 819993 is divided by 138?
135
What is the remainder when 18242 is divided by 468?
458
Calculate the remainder when 1323 is divided by 356.
255
Calculate the remainder when 755 is divided by 86.
67
Calculate the remainder when 1224 is divided by 593.
38
What is the remainder when 647118 is divided by 89?
88
Calculate the remainder when 5052 is divided by 720.
12
Calculate the remainder when 1247 is divided by 922.
325
Calculate the remainder when 118853 is divided by 358.
355
What is the remainder when 3364703 is divided by 144?
143
What is the remainder when 114573 is divided by 113?
104
Calculate the remainder when 569304 is divided by 1037.
1028
Calculate the remainder when 5915 is divided by 563.
285
Calculate the remainder when 7266 is divided by 726.
6
Calculate the remainder when 1566 is divided by 128.
30
Calculate the remainder when 48646 is divided by 1036.
990
What is the remainder when 1370 is divided by 438?
56
What is the remainder when 2210 is divided by 37?
27
What is the remainder when 12327 is divided by 752?
295
Calculate the remainder when 16723 is divided by 162.
37
What is the remainder when 31150 is divided by 28?
14
What is the remainder when 164989 is divided by 82489?
11
What is the remainder when 17676 is divided by 261?
189
What is the remainder when 834264 is divided by 21?
18
Calculate the remainder when 47576 is divided by 66.
56
Calculate the remainder when 116216 is divided by 99.
89
What is the remainder when 352249 is divided by 1061?
1058
Calculate the remainder when 2796 is divided by 57.
3
What is the remainder when 445659 is divided by 7?
4
What is the remainder when 1074037 is divided by 30?
7
Calculate the remainder when 9126 is divided by 3029.
39
What is the remainder when 22507 is divided by 374?
67
Calculate the remainder when 62986 is divided by 41.
10
Calculate the remainder when 59409 is divided by 14851.
5
Calculate the remainder when 96653 is divided by 8053.
17
Calculate the remainder when 171231 is divided by 1134.
1131
Calculate the remainder when 146518 is divided by 18.
16
What is the remainder when 248153 is divided by 354?
353
Calculate the remainder when 9726 is divided by 31.
23
Calculate the remainder when 1131 is divided by 358.
57
Calculate the remainder when 100845 is divided by 132.
129
What is the remainder when 214760 is divided by 250?
10
Calculate the remainder when 26371 is divided by 5239.
176
What is the remainder when 5477 is divided by 5476?
1
What is the remainder when 1720 is divided by 453?
361
What is the remainder when 63715 is divided by 352?
3
What is the remainder when 4369 is divided by 1930?
509
What is the remainder when 17842 is divided by 17818?
24
Calculate the remainder when 21085 is divided by 49.
15
Calculate the remainder when 46742 is divided by 11677.
34
Calculate the remainder when 367937 is divided by 550.
537
What is the remainder when 52985 is divided by 276?
269
What is the remainder when 60869 is divided by 14?
11
What is the remainder when 3968 is divided by 3843?
125
Calculate the remainder when 8166 is divided by 151.
12
What is the remainder when 41096 is divided by 3424?
8
What is the remainder when 4291 is divided by 435?
376
What is the remainder when 5602781 is divided by 14?
9
Calculate the remainder when 193579 is divided by 16128.
43
What is the remainder when 3325 is divided by 568?
485
Calculate the remainder when 123 is divided by 28.
11
What is the remainder when 19763 is divided by 1317?
8
What is the remainder when 148881 is divided by 132?
117
What is the remainder when 105208 is divided by 197?
10
What is the remainder when 13689 is divided by 29?
1
Calculate the remainder when 189767 is divided by 10.
7
What is the remainder when 144762 is divided by 144708?
54
What is the remainder when 145320 is divided by 102?
72
Calculate the remainder when 288369 is divided by 15.
9
Calculate the remainder when 12271 is divided by 2596.
1887
Calculate the remainder when 581 is divided by 53.
51
Calculate the remainder when 731919 is divided by 243973.
0
What is the remainder when 7565 is divided by 11?
8
Calculate the remainder when 33875 is divided by 1539.
17
What is the remainder when 18255 is divided by 326?
325
What is the remainder when 327515 is divided by 114?
107
Calculate the remainder when 1610340 is divided by 34.
32
What is the remainder when 51869 is divided by 131?
124
Calculate the remainder when 1449 is divided by 119.
21
What is the remainder when 25816 is divided by 13?
11
What is the remainder when 79207 is divided by 445?
442
Calculate the remainder when 2240 is divided by 74.
20
Calculate the remainder when 4437 is divided by 453.
360
What is the remainder when 5222 is divided by 158?
8
What is the remainder when 42147 is divided by 42056?
91
Calculate the remainder when 86445 is divided by 46.
11
What is the remainder when 33530 is divided by 1396?
26
Calculate the remainder when 54684 is divided 